933/(-990) - -4). Suppose 8*f = 17 + 15. Suppose 2*o + 40 = f*o + 4*j, -114 = -5*o + 4*j. What is the greatest common divisor of i and o?
22
Suppose 0 = 4*a + 4*w + 80 - 580, -2*a = -5*w - 271. What is the greatest common factor of 1208 and a?
8
Let k be (-4)/10 + 10842/30. Let x = 466 - k. Calculate the highest common divisor of 1785 and x.
105
Suppose 2*a + 171 = 5*g - 41, 4*g + 4*a - 164 = 0. Calculate the greatest common factor of g and 1358.
14
Let r be (-268 - 2)*2/(-5). Suppose 0 = -4*u + 64 + r. Suppose -3*d = -a + 46, 2*d + 9 = -2*a + 93. What is the highest common factor of u and a?
43
Let u be (5680/60)/((8/(-6))/2). Let p = 224 + u. What is the highest common factor of 205 and p?
41
Let h be (-204 + 0)*8/(-2). Let w be (-65)/((-22165)/(-124)) + 2252/22. What is the highest common factor of h and w?
102
Suppose 90*h - 43*h = 101*h - 3564. Calculate the greatest common factor of 7524 and h.
66
Let d be ((-1696)/(-64))/(-3 + 31/10). Calculate the greatest common divisor of d and 1537.
53
Let g = 564 - 116. Let n = -216 + g. Calculate the greatest common divisor of n and 174.
58
Let l = -1363 + 4169. Calculate the greatest common divisor of 46 and l.
46
Let k(x) = -x**3 + 83*x**2 - 389*x + 3. Let b be k(78). Let s(d) = d**3 + 11*d**2 - 3*d - 27. Let l be s(-8). What is the greatest common factor of b and l?
27
Let x = -6 + -120. Let z be 1*93/21 - 72/x. What is the highest common divisor of 95 and z?
5
Let l = -3077 + 3159. Calculate the highest common divisor of 1681 and l.
41
Suppose -5*o - 66 = -2*f, -72 = -4*f + 4*o + 24. Calculate the highest common divisor of f and 4338.
18
Let b be ((-6)/15*1)/(5/(-1350)). Suppose 3*g + 2*d - 756 = 0, 12*g = 8*g + 5*d + 1008. Calculate the greatest common factor of b and g.
36
Let d(c) = -194*c + 1008. Let y be d(5). What is the highest common factor of 10 and y?
2
Let d(t) = 2*t**2 + 33*t + 30. Let u be d(-16). What is the greatest common divisor of u and 14?
14
Let w(g) = -2*g**2 + 37*g. Let k be w(13). Let y = -142 + k. Suppose 3*n - 2*z = -0*z + 25, 3*n + 4*z = 31. Calculate the highest common divisor of y and n.
1
Let w(c) = 3*c**2 + 3. Let b = -8 - -4. Let g be w(b). Suppose 88 = 2*u + 4*j, 3*u + 2*j + 30 - 142 = 0. What is the highest common factor of g and u?
17
Suppose -3*i = 4*d - 26, 5*i + 104*d = 94*d + 60. What is the greatest common factor of 218 and i?
2
Let w be (-91)/1 + 0/(-27). Let i = w + 127. What is the highest common factor of 4 and i?
4
Let a be 9 - 0/(-4*(-4 - -3)). Let s be (a - 11) + 14*2. Suppose 0*o + 13 = o. Calculate the greatest common factor of s and o.
13
Let i(n) = 5*n**2 - 69*n + 68. Let y be i(26). Suppose 0 = -j - 1062 + y. What is the greatest common divisor of j and 16?
16
Let c be 270/36*(0 + 210) + 1. What is the highest common factor of c and 1379?
197
Suppose t + 1995 = 3*b + 75, -12 = -2*t. Calculate the highest common factor of 24 and b.
6
Let o be 85 + (-40 - -21 - -14). What is the greatest common divisor of o and 1088?
16
Suppose -5*a = -30*a + 150. Calculate the greatest common factor of 290 and a.
2
Let t(a) = 103*a - 26. Let c be t(2). Suppose 4*h - n - 2*n = c, 0 = -2*h + 3*n + 84. Calculate the highest common divisor of h and 456.
24
Let d be (-4)/6 + 248/3. Let m = -175 + 177. Suppose 4*f - m = d. What is the greatest common divisor of 7 and f?
7
Let t be 463/3 - 2/6. Suppose 75 = 3*h + a - 45, -4*a - 108 = -2*h. Calculate the greatest common divisor of h and t.
14
Let d = 4497 - -2818. What is the greatest common divisor of d and 76?
19
Let v(q) = 180*q + 2430. Let l be v(0). What is the highest common divisor of l and 10?
10
Let j be 129 - -25 - (0 + 0/1). Let f(k) = -2*k**2 - 35*k - 6. Let r be f(-16). What is the greatest common factor of r and j?
14
Let j = 2517 + 960. Calculate the highest common divisor of j and 57.
57
Let n be -12*28/8*(-15)/70. Suppose -415 - 233 = -n*p. Calculate the highest common factor of p and 288.
72
Suppose -10*o + 12*o - 28 = 0. Let t be 0 + -1*(3 - 1). Let d be 2 - -123 - t/2. What is the highest common divisor of o and d?
14
Suppose -o = -3 - 7. Let k = -1070 - -1072. Suppose k*r = -2*p + o, -5*r - 38 = -4*p - 0. What is the highest common factor of p and 119?
7
Let x be 58/(-18) - (-12)/54. Let k be 2*(-68)/(-12)*(0 + x). Let n = 37 + k. Calculate the greatest common divisor of n and 39.
3
Let d be 95200/462 + (-2)/33. Calculate the greatest common factor of 10918 and d.
206
Suppose 334 = -2*o + 232. Let d = o - -96. What is the greatest common divisor of 75 and d?
15
Suppose 17*m - 18*m + 2*y + 78 = 0, 0 = -5*m - 3*y + 351. Calculate the highest common factor of 2328 and m.
24
Suppose -3*h + 25 = 4*b, 13 + 16 = 4*b - h. Suppose -b*x + 81 = -171. Let s be 9/((-216)/(-32))*3. Calculate the greatest common factor of x and s.
4
Let u(n) = n**2 - 4*n. Let q be u(-4). Let o be ((-4)/10*6)/(66/(-28160)). Let m be (-3)/1*o/(-48). What is the greatest common divisor of q and m?
32
Suppose 0 = 5*m - 10*m - 45. Let t(p) = 4*p**2 - 19*p + 18. Let y be t(m). Calculate the highest common divisor of 27 and y.
27
Let s be (-26 - -244)*(-1)/2. Let u = -103 - s. Let i(j) = -j**3 + 11*j**2 - 15*j + 9. Let y be i(u). What is the highest common factor of y and 9?
9
Suppose -2*j + 9*t = 5*t - 252, j + 2*t = 134. Suppose -3*w + 78 = 3*c - 0*c, -4*w + 5*c + 104 = 0. Calculate the highest common divisor of w and j.
26
Let s(l) = -4*l + 378. Let j be s(78). What is the greatest common factor of j and 438?
6
Let t be -2*(-26)/16 + (-21)/84. Suppose -2*c + 262 = 2*v, 2*v - t*c - 267 = -0*c. What is the greatest common divisor of v and 12?
12
Suppose 1119*i + 1520 = 1123*i. What is the highest common factor of i and 8170?
190
Suppose 4*y + 216 = 4*v, 270*y = v + 268*y - 52. What is the greatest common divisor of 2408 and v?
56
Suppose 4*d + 3*d + 4886 = 0. Let v = d + 790. What is the greatest common divisor of 23 and v?
23
Suppose 5*d = -h + 18, 2*d - 14 = -3*d - 3*h. Suppose 451 = d*u + 67. Calculate the highest common divisor of 24 and u.
24
Let m = 402 - 399. Let g be (-7)/(14/(-9))*8/m. What is the highest common factor of 8 and g?
4
Let l(w) = w**3 - 13*w**2 + 38*w - 24. Let h be l(10). What is the greatest common divisor of h and 168?
56
Let m = -124 + 130. Suppose 0 = m*o - 68 - 2032. Calculate the greatest common factor of 14 and o.
14
Suppose -169 + 41 = -2*n. Suppose -n = 4*l - 184. Calculate the highest common divisor of l and 15.
15
Let i = -159 - -359. Let u be (3 - (-125)/(-10))/((-4)/i). What is the highest common divisor of 19 and u?
19
Let w be (0 + -170)/((-1130)/2825). What is the greatest common factor of 200 and w?
25
Let l(f) = -f**2 + 21. Let s be l(4). Suppose 5*z - 2*h - 590 = 0, -5*z + 506 + 69 = -s*h. What is the highest common factor of z and 45?
15
Suppose 8 = b + 4*y, -4*b + 3*y = -0*b + 44. Let n be (-1)/(b/(-444)*(-18)/12). What is the greatest common divisor of n and 333?
37
Let d be (-6 - (8 + -15))*2. What is the greatest common factor of d and 256?
2
Let s(f) be the first derivative of 24*f**2 + 76*f - 204. Let x be s(-1). What is the greatest common divisor of x and 182?
14
Let v = -957 - -968. Let k = 17 + -6. What is the greatest common divisor of k and v?
11
Suppose 3*s = 3*i - 401 - 97, 3*s = -3*i + 522. What is the highest common factor of i and 20?
10
Let y = 468 + -322. Suppose h - y = -8. Calculate the highest common factor of 6 and h.
6
Let k be 3/(-2)*(-9)/((-270)/(-40)). What is the highest common divisor of 83 and k?
1
Suppose -2*r - 3*m + 31 = 0, 13*r - 8*r + 2*m - 50 = 0. Suppose -4*n + 7*t - r*t + 598 = 0, -2*t + 296 = 2*n. Calculate the greatest common factor of n and 18.
6
Let t be 6/(-4)*(6 + (8 + 52)*-1). Calculate the greatest common divisor of t and 26811.
81
Let n(q) = q**2 + 5*q - 2. Let l be n(-7). Let d(i) = 494*i + 6. Let a be d(0). What is the greatest common divisor of a and l?
6
Let s(u) = 3*u**2. Let i be s(-3). Let n be -2*(3 - (-1 + 5)). Suppose z + 2*z = n*w - 417, -1090 = -5*w - 2*z. What is the greatest common factor of w and i?
27
Let n be 513/2 - (-1)/(-2). Let i(x) = -270*x - 12642. Let r be i(-47). Calculate the highest common factor of n and r.
16
Suppose 7*n - 21 = -0*n. Let c be 36/3 - n/1 - 1. Suppose 0 = -11*s + 13*s - 24. What is the greatest com